7319?
False
Is 1254627873 a multiple of 2936?
False
Is 48251192 a multiple of 88?
True
Is 2938991 a multiple of 268?
False
Does 101 divide 20457306?
False
Is 55446457 a multiple of 1330?
False
Is 564 a factor of 2161468503?
False
Is 3357 a factor of 59576679?
True
Is 92669475 a multiple of 15?
True
Does 112 divide 108713024?
True
Is 62 a factor of 15201665?
False
Is 116606195 a multiple of 5?
True
Is 7772 a factor of 366558608?
True
Does 68 divide 27595624?
True
Is 1435141968 a multiple of 156?
True
Is 1594 a factor of 6913645042?
True
Does 1505 divide 123560500?
True
Is 60 a factor of 1098463821?
False
Is 177 a factor of 382929504?
False
Does 320 divide 2342839510?
False
Is 1527241478 a multiple of 119?
True
Does 882 divide 277194960?
True
Does 383 divide 36038768?
True
Is 69 a factor of 944426288?
False
Is 208505212 a multiple of 7?
False
Does 30 divide 542567285?
False
Is 254 a factor of 157596920?
False
Does 8 divide 707008216?
True
Does 3296 divide 10412064?
True
Is 1002 a factor of 1653300?
True
Is 517475370 a multiple of 10?
True
Does 408 divide 32783208?
True
Is 38 a factor of 216864686?
False
Does 859 divide 1292048529?
True
Is 16 a factor of 162994319?
False
Does 25 divide 42077911?
False
Does 22 divide 83525961?
False
Does 243 divide 40246632?
True
Is 354848 a multiple of 13?
True
Is 2890845 a multiple of 15?
True
Is 1383766926 a multiple of 752?
False
Is 77131500 a multiple of 150?
True
Is 3983 a factor of 990564134?
True
Is 205 a factor of 189719195?
False
Does 131 divide 66097241?
False
Is 150 a factor of 3010082253?
False
Is 979 a factor of 28209594?
False
Is 112 a factor of 183249327?
False
Is 9 a factor of 5891706?
True
Is 2029 a factor of 235165158?
True
Is 675 a factor of 44399336?
False
Is 280430114 a multiple of 17?
False
Is 14 a factor of 2301985504?
True
Is 416 a factor of 264468947?
False
Is 36623463 a multiple of 26?
False
Does 6837 divide 1321188717?
True
Is 228252894 a multiple of 10?
False
Is 136 a factor of 94917290?
False
Does 715 divide 55956518?
False
Does 13 divide 294021013?
True
Does 8 divide 26932297?
False
Does 17 divide 399408984?
False
Does 351 divide 69190234?
False
Does 650 divide 471287700?
True
Is 162 a factor of 23687964?
True
Is 102 a factor of 111014760?
True
Does 270 divide 20381490?
True
Is 46 a factor of 197028534?
True
Does 427 divide 7133144?
False
Does 153 divide 316721322?
True
Is 1149 a factor of 4464465927?
True
Is 8519074 a multiple of 24?
False
Is 146478043 a multiple of 3012?
False
Is 32 a factor of 81080928?
True
Does 18 divide 57349145?
False
Does 152 divide 11344332?
False
Does 347 divide 4005218308?
False
Is 362929776 a multiple of 6414?
True
Does 3232 divide 6556205728?
True
Is 51622655 a multiple of 383?
True
Is 547 a factor of 153997457?
True
Does 264 divide 61570448?
False
Is 245050486 a multiple of 166?
False
Is 3042 a factor of 405997488?
True
Does 8 divide 18401344?
True
Is 2591885957 a multiple of 151?
False
Does 541 divide 1586468488?
False
Does 369 divide 3866647828?
False
Is 40438986 a multiple of 79?
False
Does 332 divide 91461352?
True
Does 9 divide 23153822?
False
Does 36 divide 142722000?
True
Does 266 divide 42716408?
True
Is 73 a factor of 12131724?
True
Is 7718 a factor of 1515652618?
False
Does 3 divide 5461922?
False
Does 45 divide 103606110?
True
Does 10 divide 319036605?
False
Is 140064636 a multiple of 537?
True
Is 90 a factor of 2422366639?
False
Does 22 divide 8346426?
True
Is 13762897 a multiple of 211?
True
Is 812165489 a multiple of 23?
True
Does 1207 divide 165468837?
True
Does 51 divide 146361228?
True
Is 73103459 a multiple of 70?
False
Is 110595232 a multiple of 44?
True
Is 19 a factor of 43221390?
True
Is 301 a factor of 1469562373?
False
Does 106 divide 372017070?
True
Does 5091 divide 985342686?
True
Is 2047 a factor of 472620592?
False
Is 256 a factor of 87905954?
False
Does 43 divide 1434364201?
True
Is 1702 a factor of 643669168?
True
Is 50 a factor of 2608521500?
True
Is 101899 a multiple of 7?
True
Is 3279 a factor of 104627048?
False
Is 22 a factor of 16992470?
True
Is 2429086233 a multiple of 191?
False
Does 112 divide 6560823?
False
Does 6 divide 4231620033?
False
Does 540 divide 405790020?
True
Is 1893 a factor of 68757546?
True
Is 90 a factor of 1316032775?
False
Is 4708 a factor of 206488919?
False
Is 166 a factor of 1043951922?
True
Does 856 divide 1419299360?
True
Is 9357292 a multiple of 60?
False
Is 1532 a factor of 30318280?
True
Is 400 a factor of 31993200?
True
Does 56 divide 420215376?
True
Does 45 divide 9987771?
False
Is 4 a factor of 52409560?
True
Does 11 divide 20847332?
True
Is 19 a factor of 5826560?
False
Is 4 a factor of 26545379?
False
Does 578 divide 44250524?
True
Is 23 a factor of 10947954?
True
Is 34 a factor of 12021890?
True
Is 329848403 a multiple of 1284?
False
Is 508 a factor of 38204580?
False
Does 27 divide 1063531734?
False
Is 382 a factor of 839277302?
True
Is 202 a factor of 957189524?
True
Does 5305 divide 2733411064?
False
Is 546636488 a multiple of 155?
False
Is 4210 a factor of 4724095227?
False
Is 235 a factor of 60857093?
False
Does 630 divide 105633360?
True
Is 406 a factor of 1351211848?
True
Does 30 divide 2687307747?
False
Is 99 a factor of 613818018?
True
Does 4 divide 1106030?
False
Is 21 a factor of 5283604?
False
Is 57275693 a multiple of 99?
False
Is 764938956 a multiple of 249?
True
Is 184770174 a multiple of 491?
True
Does 25 divide 1888252?
False
Is 985 a factor of 290511084?
False
Is 48564182 a multiple of 157?
True
Does 199 divide 186012118?
False
Does 22 divide 259957978?
False
Does 3385 divide 52095150?
True
Does 827 divide 159900916?
False
Is 13 a factor of 2210676?
True
Is 61949517 a multiple of 5019?
True
Is 6377794 a multiple of 122?
True
Does 649 divide 6844354?
True
Is 119 a factor of 1244963057?
False
Is 7 a factor of 48327412?
True
Is 76491282 a multiple of 1885?
False
Does 120 divide 77975161?
False
Is 47 a factor of 965503599?
False
Does 14 divide 1568247962?
False
Is 11811543 a multiple of 165?
False
Does 239 divide 320387387?
True
Is 14304094 a multiple of 1429?
False
Does 6 divide 6503511?
False
Is 417 a factor of 151880019?
False
Is 5785 a factor of 22810255?
True
Is 2254856044 a multiple of 668?
True
Is 432871051 a multiple of 16?
False
Is 11 a factor of 1661366312?
False
Is 410 a factor of 436308?
False
Does 415 divide 511658480?
True
Does 73 divide 2504856?
False
Does 93 divide 47926992?
True
Does 442 divide 449304046?
False
Is 268330185 a multiple of 713?
False
Is 2866271 a multiple of 66?
False
Is 1066411560 a multiple of 920?
True
Is 1518791590 a multiple of 158?
True
Does 908 divide 39105423?
False
Is 478 a factor of 3268334421?
False
Is 128 a factor of 3019461373?
False
Does 52 divide 42245949?
False
Is 3889627200 a multiple of 300?
True
Is 70 a factor of 50711920?
True
Does 391 divide 494904731?
True
Does 181 divide 142666476?
False
Does 48 divide 18328848?
True
Is 576 a factor of 14993856?
True
Is 25844784 a multiple of 4?
True
Is 6070027490 a multiple of 167?
True
Does 22 divide 4302018986?
False
Does 6 divide 1357976280?
True
Does 22 divide 100184157?
False
Is 36062169 a multiple of 49?
False
Does 126 divide 634981513?
False
Is 122192235 a multiple of 27?
False
Does 146 divide 320055214?
True
Does 1902 divide 33826107?
False
Is 5933 a factor of 4818368146?
False
Is 3811 a factor of 429907477?
True
Is 14 a factor of 38059862?
False
Does 163 divide 26402740?
True
Does 2537 divide 36553637?
False
Is 28266706 a multiple of 88?
False
Does 2359 divide 43254432?
False
Is 243 a factor of 917317904?
False
Is 400 a factor of 1274481?
False
Is 70 a factor of 716706962?
False
Is 13 a factor of 36170485?
True
Is 31 a factor of 10064945?
False
Is 33 a factor of 166828002?
True
Does 1172 divide 639647128?
True
Is 1117516 a multiple of 2?
True
Is 41745598 a multiple of 51?
False
Is 2292 a factor of 9103824?
True
Is 39253347 a multiple of 1791?
True
Is 865899215 a multiple of 122?
False
Is 128 a factor of 407292699?
False
Is 2169075606 a multiple of 19?
True
Is 15 a factor of 1066194943?
False
Is 81677589 a multiple of 2647?
False
Is 1809075674 a multiple of 539?
False
Does 1333 divide 18171456?
True
Is 82014726 a multiple of 58?
True
Is 76757603 a multiple of 229?
False